708 is divided by 1031963.
4
Calculate the remainder when 28573605 is divided by 371.
298
Calculate the remainder when 38491 is divided by 7781.
7367
Calculate the remainder when 98838 is divided by 8232.
54
Calculate the remainder when 27026160 is divided by 372.
360
What is the remainder when 47913686 is divided by 898?
896
What is the remainder when 355485 is divided by 1016?
901
What is the remainder when 42306 is divided by 1916?
154
Calculate the remainder when 33230 is divided by 4136.
142
Calculate the remainder when 516782 is divided by 19849.
708
What is the remainder when 625462 is divided by 5085?
7
Calculate the remainder when 607186 is divided by 4776.
634
Calculate the remainder when 14650951 is divided by 11.
7
What is the remainder when 554085 is divided by 1086?
225
What is the remainder when 10614081 is divided by 782?
777
What is the remainder when 90304 is divided by 3102?
346
Calculate the remainder when 1846796 is divided by 720.
716
What is the remainder when 5822031 is divided by 6052?
7
What is the remainder when 89795316 is divided by 2363034?
24
Calculate the remainder when 6973915 is divided by 12498.
31
Calculate the remainder when 782003 is divided by 781966.
37
Calculate the remainder when 5473046 is divided by 431.
208
Calculate the remainder when 708910 is divided by 28351.
135
What is the remainder when 11909473 is divided by 205?
203
Calculate the remainder when 923770 is divided by 221.
211
What is the remainder when 1108707 is divided by 3261?
3228
What is the remainder when 7853444 is divided by 2725?
2719
What is the remainder when 502141 is divided by 1427?
1264
Calculate the remainder when 15525467 is divided by 779.
776
What is the remainder when 7190719 is divided by 143812?
119
Calculate the remainder when 352926 is divided by 176287.
352
What is the remainder when 2122680 is divided by 8772?
8628
Calculate the remainder when 32401859 is divided by 2367.
2363
Calculate the remainder when 3901181 is divided by 187.
174
Calculate the remainder when 10082 is divided by 5009.
64
What is the remainder when 42498 is divided by 749?
554
What is the remainder when 76293460 is divided by 6935769?
1
Calculate the remainder when 354680 is divided by 50551.
823
Calculate the remainder when 11244122 is divided by 5799.
5660
Calculate the remainder when 2080640 is divided by 104032.
0
What is the remainder when 4370481 is divided by 1202?
9
What is the remainder when 809437 is divided by 226?
131
Calculate the remainder when 72740 is divided by 7944.
1244
Calculate the remainder when 8923871 is divided by 54.
47
What is the remainder when 2819304 is divided by 503?
492
Calculate the remainder when 3583539 is divided by 162.
99
What is the remainder when 770431 is divided by 759?
46
What is the remainder when 14078848 is divided by 1392?
160
What is the remainder when 21484184 is divided by 7161382?
38
Calculate the remainder when 78718949 is divided by 478.
475
Calculate the remainder when 39327 is divided by 12869.
720
Calculate the remainder when 307419 is divided by 1569.
1464
What is the remainder when 31953258 is divided by 2661?
2631
What is the remainder when 754769 is divided by 159?
155
What is the remainder when 34481697 is divided by 699?
27
What is the remainder when 55556 is divided by 54267?
1289
Calculate the remainder when 220535040 is divided by 276.
0
Calculate the remainder when 800358 is divided by 976.
38
Calculate the remainder when 122822 is divided by 1153.
604
Calculate the remainder when 381029 is divided by 15876.
5
Calculate the remainder when 436900 is divided by 928.
740
What is the remainder when 218769 is divided by 43355?
1994
What is the remainder when 1646849 is divided by 211?
205
What is the remainder when 21064115 is divided by 70?
65
Calculate the remainder when 35018488 is divided by 7003697.
3
Calculate the remainder when 329745 is divided by 346.
7
What is the remainder when 2628 is divided by 677?
597
Calculate the remainder when 675242 is divided by 225007.
221
What is the remainder when 2730388 is divided by 1365190?
8
What is the remainder when 2885721 is divided by 992?
985
Calculate the remainder when 278415716 is divided by 3789.
3785
What is the remainder when 22638262 is divided by 481?
478
Calculate the remainder when 14053737 is divided by 2502.
3
What is the remainder when 21252501 is divided by 28?
25
Calculate the remainder when 283069 is divided by 151.
95
Calculate the remainder when 85621 is divided by 1300.
1121
Calculate the remainder when 42597462 is divided by 4751.
4747
Calculate the remainder when 237483 is divided by 82.
11
What is the remainder when 3454415 is divided by 11837?
9848
What is the remainder when 4813923 is divided by 1250?
173
Calculate the remainder when 166071 is divided by 1895.
1206
Calculate the remainder when 1003464 is divided by 204.
192
What is the remainder when 9395 is divided by 287?
211
What is the remainder when 2054700 is divided by 683091?
5427
Calculate the remainder when 136916 is divided by 52.
0
What is the remainder when 98858 is divided by 97450?
1408
What is the remainder when 298838 is divided by 18676?
22
Calculate the remainder when 75344 is divided by 355.
84
Calculate the remainder when 33886386 is divided by 33886348.
38
Calculate the remainder when 27533683 is divided by 5826.
7
Calculate the remainder when 503700 is divided by 503682.
18
What is the remainder when 37876333 is divided by 8389?
8387
Calculate the remainder when 375104 is divided by 1500.
104
What is the remainder when 11307 is divided by 9046?
2261
What is the remainder when 12839157 is divided by 7039?
21
Calculate the remainder when 2278883 is divided by 151904.
323
Calculate the remainder when 63522769 is divided by 82.
75
Calculate the remainder when 48772306 is divided by 9754455.
31
Calculate the remainder when 493059 is divided by 859.
852
What is the remainder when 2771774 is divided by 395966?
12
What is the remainder when 88286509 is divided by 1426?
1423
What is the remainder when 206112 is divided by 228?
0
Calculate the remainder when 223943 is divided by 249.
92
Calculate the remainder when 15963 is divided by 3498.
1971
What is the remainder when 1597642 is divided by 100?
42
What is the remainder when 439087 is divided by 14162?
65
What is the remainder when 2226234 is divided by 90?
84
What is the remainder when 20900582 is divided by 315?
17
What is the remainder when 36900952 is divided by 3909?
3901
Calculate the remainder when 205567 is divided by 50467.
3699
What is the remainder when 1904053 is divided by 126936?
13
Calculate the remainder when 46099767 is divided by 201.
15
What is the remainder when 836322 is divided by 978?
132
Calculate the remainder when 343207 is divided by 1480.
1327
What is the remainder when 123029 is divided by 3612?
221
Calculate the remainder when 143734 is divided by 15716.
2290
What is the remainder when 2259614 is divided by 3067?
2302
What is the remainder when 23836541 is divided by 1702609?
15
What is the remainder when 922324 is divided by 6986?
172
Calculate the remainder when 4298175 is divided by 1432692.
99
Calculate the remainder when 61277958 is divided by 2296.
14
Calculate the remainder when 14157568 is divided by 14157564.
4
What is the remainder when 7679 is divided by 1231?
293
What is the remainder when 991658 is divided by 110184?
2
What is the remainder when 448252 is divided by 31?
23
What is the remainder when 6180038 is divided by 1544999?
42
Calculate the remainder when 15641020 is divided by 216.
28
Calculate the remainder when 179350266 is divided by 5784.
5778
Calculate the remainder when 72205341 is divided by 18.
15
What is the remainder when 78877 is divided by 25906?
1159
What is the remainder when 695535 is divided by 231811?
102
What is the remainder when 214027 is divided by 3055?
177
What is the remainder when 120646 is divided by 1781?
1319
Calculate the remainder when 10611143 is divided by 8523.
8
Calculate the remainder when 6650435 is divided by 3325212.
11
What is the remainder when 284209 is divided by 31481?
880
Calculate the remainder when 84223260 is divided by 2819.
2816
What is the remainder when 2202110 is divided by 89?
72
What is th